 = 4*k. What is the units digit of z?
9
Let x(u) = 2*u**2 - 3*u - 1. Let n be x(-2). Let y(h) = -h + 4. Let l be y(3). Suppose 2*p + l - n = 0. What is the units digit of p?
6
Let d(m) = 3*m + 9. Let g(u) = 4*u + 22. Let j(k) = 5*k + 21. Let h(n) = -2*g(n) + 3*j(n). Let f(l) = 5*d(l) - 2*h(l). What is the units digit of f(-4)?
3
Suppose -5*i + 2 + 3 = 0. What is the units digit of i?
1
Let r(a) = 14*a + 3 - 11*a + 11*a. What is the tens digit of r(2)?
3
Suppose 3*f - 47 = 13. What is the units digit of f?
0
Let n(d) = d**3 - d**2 - d + 1. Let q be n(2). Suppose y = -y. What is the units digit of q/(y + (-1 - -2))?
3
What is the tens digit of 3 - (-2 - (84 + 3))?
9
Let k(d) = d**2 - 10*d - 3. Let q be (36/(-15))/(4/(-20)). What is the units digit of k(q)?
1
Suppose 0 = -2*v + 3*v - 11. What is the tens digit of v?
1
Suppose -2*z - 25 - 140 = -5*p, -2*z + 83 = 3*p. What is the units digit of p?
1
Let b = 37 - -2. What is the tens digit of b?
3
Let s be (1 + 1)*8/16. Let l be 20/(-8)*s*2. Let m(b) = -2*b + 7. What is the tens digit of m(l)?
1
Let w(n) be the second derivative of 0 - n**2 + 1/6*n**3 + 4*n. What is the units digit of w(4)?
2
Let r(x) = -x**3 + 4*x**2 + 3. Let v be r(4). Suppose 0 = h + v, 2*h - 178 = 4*z. What is the units digit of (-12)/(-30) - z/10?
5
Let h = 5 + 1. Let o = 4 + h. What is the tens digit of o?
1
Suppose -421 = -7*g + 111. What is the units digit of g?
6
Suppose 5*s = s. Suppose 3 = u - s*u. Let k = u + -1. What is the units digit of k?
2
Let k = -13 + 19. Let g = 19 - k. What is the tens digit of g?
1
Suppose 6*f - 95 = 145. What is the tens digit of f?
4
Suppose 2*q + 8 = 0, -3*d - 5*q + 116 = d. Suppose 0*k + 2*y = -4*k + d, -5*y = -2*k + 35. Suppose 4*t = 5*v + k, 2*t = v + 9 - 1. What is the units digit of v?
2
Suppose 2*j - 3*g - 39 - 18 = 0, -j + g = -30. What is the units digit of j?
3
Suppose 2*r + 3 = 13. What is the units digit of r?
5
What is the tens digit of (-1 + 5 - 6) + 42?
4
Let m(h) = -5 - h + 2 + 4 + 1. Let a be m(4). What is the units digit of 1*(a - 18/(-2))?
7
Suppose 4*y = -0*y + 28. Suppose 2*v = q + 2, -y - 3 = -5*v. What is the units digit of q?
2
Let i(n) = -n**3 - 10*n**2 + 11*n - 4. Let c be i(-11). Let p = -7 - c. Let a(x) = -2*x**3 - 3*x**2 + 4*x + 3. What is the units digit of a(p)?
8
Let j(f) = -2*f - 8. Let x be j(-5). Suppose 4*d = -2*k + 78, -5*k + 227 = x*d - 0*d. What is the units digit of k?
7
Let o be 2/1*1/2. What is the tens digit of (o*-3)/(4/(-20))?
1
Let k = 540 - 351. What is the hundreds digit of k?
1
Let j(g) = -g**2 + 5*g + 4. Let w be j(6). Let v be ((-33)/9)/(w/6). Suppose 4*y = v + 5. What is the units digit of y?
4
Let w(b) = b**3 + 4*b**2 - 6*b + 3. Let v be w(-5). Let g = v - 5. Let j = g + -2. What is the units digit of j?
1
Let n(x) = -x**3 - 13*x**2 + 22*x - 2. What is the tens digit of n(-15)?
1
Suppose -s = 2*s + 42. Let u = s + 36. What is the tens digit of u?
2
Suppose -4*w - 26 = 14. Suppose -3*p = 2*p + 85. Let k = w - p. What is the units digit of k?
7
Suppose 2*x - 4 - 2 = 0. What is the units digit of x?
3
Let a(c) = 156*c**2 - 5*c + 5. What is the tens digit of a(1)?
5
Let m(o) = -o - 4. Let j be m(-6). Let h be -3 - (j - 1 - -1). What is the units digit of (-4)/(h/2 + 2)?
8
Suppose -2*x + 4 = 0, 4*a - 34 = -0*a - 3*x. What is the tens digit of 2*-1 - (a - 25)?
1
Let g(m) = -m**2 - 15*m + 14. Let q be g(-11). Suppose 0 = 3*t + 4*d - 40, 4*t - 3*d - q = -6*d. What is the tens digit of t?
1
Suppose -4*h - 6*d + 854 = -5*d, -8 = -4*d. What is the hundreds digit of h?
2
Suppose -5*u - 24 = -2*p, 4*u - 8*u + 5*p = 26. Let w be (u/3)/(4/(-12)). Suppose 2*x - w = -0*x. What is the units digit of x?
2
Let y = -7 + 12. Suppose y*c = 3*c + 62. What is the units digit of c?
1
Suppose -p = p. Suppose 0 = 4*x - p*x - 12. What is the units digit of x?
3
What is the units digit of (-1)/(-2) + -1 + (-367)/(-2)?
3
Let q be (4/(-2))/(0 + 2). What is the units digit of (-3)/(2 - q)*-3?
3
Suppose 3*m = -w + 141, -4*w + 149 = -5*m + 401. What is the units digit of m?
8
Let z = 76 + 2. What is the tens digit of z?
7
Let c(n) = n + 4. Suppose 3*a + 24 = -3. Let f = -4 - a. What is the units digit of c(f)?
9
Let w(f) = f**3 + 11*f**2 + 2*f + 33. What is the tens digit of w(-10)?
1
Let l(n) = n**3 + n. Let p(v) = -2*v**3 + 11*v**2 + 10*v + 1. Let a(t) = -l(t) - p(t). What is the tens digit of a(12)?
1
Let i(o) = 41*o**2 + o - 1. What is the tens digit of i(1)?
4
Suppose 3*z + 370 = 4*k + 118, -z = 4*k - 236. What is the tens digit of k?
6
Suppose -2*p + 12 = q - 10, 5*p = -5*q + 85. What is the units digit of -1 + (q + 2 - -1)?
4
Suppose 12*b - 272 = 4*b. What is the units digit of b?
4
Let v(f) = -f**3 + f**2 - f + 6. Let c(z) = -z - 2*z + 4*z + 10. Let l be c(-10). What is the units digit of v(l)?
6
Let y(p) = p**2 + p - 2. What is the units digit of y(-3)?
4
Let l(u) = u**3 + 7*u**2 - 8*u + 3. Let n be l(-8). Let x = -1 + -4. What is the units digit of (x - -2)/(n/(-8))?
8
Suppose 5*q - 2*q = -2*w - 1, 0 = -5*q + 3*w - 8. Let x be 10*q*(-5)/(-2). What is the units digit of x/(-3) + 3/(-9)?
8
Let h = 128 - 35. What is the tens digit of h?
9
What is the units digit of 2 + -4 + 13/1?
1
Let v(r) = -r**3 + 10*r**2 - 10*r + 10. Let b be v(9). Suppose -q = -11 - b. What is the tens digit of q?
1
Suppose 3*i - 275 = -4*t + 53, 2*i + 2*t = 220. What is the units digit of i?
2
Suppose 4*i = z - 3*z + 196, 2*i = -4*z + 92. Suppose -110 = -5*y + i. What is the tens digit of y?
3
Let p = 10 + 21. What is the tens digit of p?
3
Suppose 0 = 9*q - 2122 + 592. What is the tens digit of q?
7
Let a be 12/(2 - 6) + 3. Suppose -2*o + 20 + 16 = a. What is the tens digit of o?
1
Let w(l) = -5*l. Suppose -4*p + 5*z = -16, 3*z + 13 = -p - 0*z. Let a = -2 - p. What is the units digit of w(a)?
5
Let g = -4 - -8. Suppose -6*c = -4*o - 3*c + 114, g*o - 118 = 5*c. What is the units digit of o?
7
Suppose -4*j = 5*w - 1, -5*j + 13 = -j + w. Let a be ((-10)/j)/((-2)/4). Suppose -a*v + 27 = 7. What is the units digit of v?
4
Let c(n) = 2*n - 6. Suppose -6*m = -3*m + l - 14, m + l - 4 = 0. What is the units digit of c(m)?
4
Let a(u) = 8*u**2 - 8*u + 17. What is the hundreds digit of a(6)?
2
Suppose -s - 3 = -0. Let h(p) = 2*p**2 - p - 2. What is the units digit of h(s)?
9
Let k(j) be the first derivative of j**7/840 + j**6/360 - j**5/120 + j**3 - 1. Let v(o) be the third derivative of k(o). What is the units digit of v(1)?
1
Let d = 3 + -1. Let a(g) = g**2 + 12*g. Let s be a(-12). Let j = d - s. What is the units digit of j?
2
Suppose 4*b = m - 20, 20 = -2*m + 3*m + 4*b. What is the units digit of m?
0
Let r(k) = -k**3 - 14*k**2 - 5*k - 8. Let t(w) = -2*w**3 - 28*w**2 - 11*w - 17. Let h(b) = 11*r(b) - 6*t(b). What is the tens digit of h(-13)?
4
Let y = 209 + -72. What is the hundreds digit of y?
1
Let g be (2/(-5))/(2/(-120)). Let u be (g/(-30))/((-4)/(-10)). Let t = 4 + u. What is the units digit of t?
2
Let u = -29 - -79. Suppose 0 = -3*x - 2*x - 4*p + u, 0 = 2*x - 4*p - 20. What is the units digit of x?
0
Let j(z) = 16*z**2 - 2*z + 1. What is the tens digit of j(1)?
1
Suppose -3*t - 22 = 5*z, -17 = 4*t - t + 4*z. What is the units digit of t?
1
Suppose 3*z = -2*c + 307, -z = -2*c + 3*c - 102. What is the hundreds digit of z?
1
Let v(u) = 2*u**2 + 0*u - 1 - u + 0*u. Let n(g) = g**3 + 3*g**2 - 2*g - 3. Let a be n(-3). What is the tens digit of v(a)?
1
Let i(d) = 2 - 5 + 2 - 4*d. What is the units digit of i(-3)?
1
Suppose 3*d + 4 = 3*h + 2*h, -h - 16 = 5*d. Let i = h - -6. Suppose i*n = 2*n + 6. What is the units digit of n?
2
Let m be (-2)/11 - 134/(-11). Suppose 0 = -3*f - s + 6, -3*f + m = 4*s - 3. What is the units digit of f?
1
Suppose 5*v - 12 = v. Let r(c) = 2*c - 5. Let m be r(5). Let l = v + m. What is the units digit of l?
8
Let u be ((-21)/(-6) + -1)*2. Suppose 6 = 4*v + u*n - 1, n + 45 = 5*v. What is the units digit of v?
8
Suppose -152 = -v - 4*a, -5*v + a + a + 650 = 0. What is the hundreds digit of v?
1
Let s = 59 + -25. What is the units digit of s?
4
Let o = -3 - -5. Suppose -5*u = 2*d + 145, -o*u - 5*d + 10*d = 29. What is the units digit of 2*1/(-6)*u?
9
Let m(u) = 2*u + 30. What is the tens digit of m(7)?
4
Let j = 31 + -17. Suppose -l + 41 + j = 0. What is the units digit of l